
11
Let r = -5 + 5. Suppose r = 2*c - 6 - 26. What is the remainder when 60 is divided by c?
12
Let n = 7 + -6. What is the remainder when 21 is divided by 10 - (n + 1 + -3)?
10
Suppose 5*c = c + 92. Let f be ((-8)/6)/((-2)/18). Suppose f = -x + 2*x. What is the remainder when c is divided by x?
11
Let b = -104 - -163. What is the remainder when b is divided by 16?
11
Suppose i = -27 + 46. Calculate the remainder when 111 is divided by i.
16
Let k = -10 + 19. What is the remainder when k is divided by 4?
1
Suppose z = -z. Let y = z - -16. What is the remainder when 43 is divided by y?
11
Suppose -3*i - b + 9 = -0*b, -3*b = -9. Let j = -63 - -54. What is the remainder when (i/2)/(j/(-45)) is divided by 2?
1
Suppose -2*l = -4*l. Suppose l*y = y + 5*j - 7, 3 = y + j. Suppose -26 = -4*t + h, y*t + 2*h - 3*h = 14. Calculate the remainder when t is divided by 4.
2
Let y = 136 + -97. What is the remainder when y is divided by 10?
9
Let i = 110 - 56. Calculate the remainder when i is divided by 11.
10
Suppose 3*v - 14 = 13. Suppose 7 = 3*q - 11. Calculate the remainder when 1/(-3) - (-104)/q is divided by v.
8
Let u(s) = -2 + 3*s + 0 + 0*s. Let l = 14 - 9. Calculate the remainder when 49 is divided by u(l).
10
Let j be (0/(-2))/(1 + 0). Suppose u - 29 = -j. What is the remainder when u is divided by 15?
14
Let z = 16 + -11. Suppose -5*s + 113 = -2*g + 3*g, z*s - 119 = -3*g. What is the remainder when s is divided by -6 + 4 - 10/(-1)?
6
Suppose v = -4*l - 11 + 38, l - 19 = -2*v. Calculate the remainder when 12 is divided by v.
5
Let b(v) = 24*v - 1. Let r(i) = 2*i. Calculate the remainder when b(1) is divided by r(6).
11
Let u = 131 + -126. Calculate the remainder when (16 - 1)*1 - -2 is divided by u.
2
Suppose -3*c = -9, 5*c - 4*c + 7 = 5*k. Suppose 46 = k*t + 2. Suppose -8*x = -12*x + 32. Calculate the remainder when t is divided by x.
6
Suppose 20*n - 28*n = -40. Let j = -26 + 44. What is the remainder when j is divided by n?
3
Let o(t) = 4*t - 8. Let z be o(6). Let r = 102 + -59. What is the remainder when r is divided by (-1)/(-1)*(z + -1)?
13
Suppose 18*r + 88 = 790. Let o(k) = -k**3 + 8*k**2 - 4*k - 1. Calculate the remainder when r is divided by o(7).
19
Suppose 0 = 3*k - 3*a + 6, -2*a + 6 = 0. Suppose -v + 1 = -k. Suppose 16 = v*q - 6. Calculate the remainder when q is divided by 4.
3
Let s(m) = -4*m - 11. What is the remainder when s(-10) is divided by 8?
5
Let n = -4 + 16. Suppose m = -u + 56, -5*u = 4*m - n - 215. Let t(o) = o**2 - 2*o - 6. What is the remainder when m is divided by t(6)?
17
Let q(m) be the third derivative of m**6/120 - 11*m**5/60 + m**4/2 - 5*m**3/2 + 3*m**2. Let d = -16 - -25. Calculate the remainder when d is divided by q(10).
4
Suppose -3*k = 3*q - 21, 2*k - 17 - 12 = q. Calculate the remainder when 21 is divided by k.
9
Suppose 0 = -5*y - l + 135, l + 77 = 2*y + 6*l. Calculate the remainder when 75 is divided by y.
23
Let i = 28 - -6. What is the remainder when 132 is divided by i?
30
Suppose -10*z + 395 - 155 = 0. What is the remainder when 41 is divided by z?
17
Suppose -4*y + 67 + 25 = 0. Let h(k) = 2 + 4*k**2 + 2 - 2 - 5*k**2 - 7*k. Calculate the remainder when y is divided by h(-5).
11
Suppose -2*g + 60 = 4*g. Let s be (-192)/14 - (-4)/(-14). Calculate the remainder when g is divided by (-52)/s + 4/14.
2
Suppose -5*j + 15 = 0, -5*k - 5*j + 44 + 161 = 0. Suppose 0 = 2*g - 12 + 4. Suppose -2*w + g*w = k. What is the remainder when 37 is divided by w?
18
Let s(k) = -k**3 - 2*k**2 - 3*k + 5. Let j be (1 + 1)/(8/20). Let o(g) = g. Let z(c) = j*o(c) + s(c). What is the remainder when z(-4) is divided by 15?
14
Let a = 172 + -93. Suppose v = 5*b - 0*v - a, 2*b - 2*v - 38 = 0. Calculate the remainder when 6*(b/(-6))/(-5) is divided by 2.
1
Let v(c) = -32*c. Let q be v(-5). Suppose -q = -3*p - 2*p. Calculate the remainder when p is divided by (11/(-4))/((-1)/4).
10
Suppose q = -p + 23, -p = -4*p + 2*q + 44. What is the remainder when p is divided by 7?
4
Suppose 2 - 26 = -3*q. Let c = -2 + 2. What is the remainder when q*(1 - c)/2 is divided by 3?
1
Suppose 3*g - 6*g + 84 = 5*h, -g - h = -28. Calculate the remainder when g is divided by 15.
13
Suppose -5*m - n + 96 = 0, 34 = 4*m + n - 43. What is the remainder when 91 is divided by m?
15
Let j(y) = 2*y**2 - y - 1. Let a be j(-1). Suppose 2*f - 6 + a = 0. Suppose s = -0*s + 5*n + 28, -4*n = -f*s + 50. What is the remainder when s is divided by 8?
7
Suppose -3*f = 6, -4*q - 4*f + 4 + 8 = 0. Let p be 6/9 + 1/3. Calculate the remainder when q is divided by 2 - p/(-1) - -1.
1
Suppose 4*h - 24 = 5*k, -5*h + k - 10 = -61. Calculate the remainder when 31 is divided by h.
9
Suppose 2*b + 2*b - 172 = 0. Let p = 98 - b. What is the remainder when p is divided by 19?
17
Let r = 109 - 53. Suppose m + 45 = -r. Let f = -58 - m. What is the remainder when f is divided by 15?
13
Let d(w) = w**2 - 2*w - 1. Let t be d(3). Suppose -5*g + 2*r + 20 = 0, 2*g - 2*r - t*r + 8 = 0. Calculate the remainder when 10 is divided by g.
4
Calculate the remainder when (-1)/((-30)/(-8) + -4) - -44 is divided by 5.
3
Suppose 4*s = 148 + 120. What is the remainder when s is divided by 17?
16
Let d(h) = 3*h**3 - h**2 - 7*h + 3. What is the remainder when d(3) is divided by 19?
16
Suppose 28 = c - 12. Suppose -c = -0*l - 5*l. Calculate the remainder when 14 is divided by l.
6
Let s = -37 + 44. Calculate the remainder when 30 is divided by s.
2
Let o be 3/(-2)*(-9 + -13). Suppose 51 = 4*a - o. Calculate the remainder when (-29 - 1)/(3/(-4)) is divided by a.
19
Let v = -4 + 6. Suppose 3*l - 9 + 3 = -3*y, y + v*l = 0. What is the remainder when y is divided by 3?
1
Let n(p) = p**3 + 3*p**2 - 4*p + 2. Suppose -5*v - h = -0 + 23, v - 5 = 3*h. Let j be n(v). Calculate the remainder when 7 is divided by (-2)/j*(-6 + 3).
1
Suppose 5*y - 2*i + i + 9 = 0, 4*y + 2*i + 10 = 0. Let d(a) = -4*a**3 + a + 1. What is the remainder when d(y) is divided by 16?
15
Suppose b - i = -7 + 28, -b = 2*i - 36. Calculate the remainder when b is divided by 15.
11
Let j(c) = c**3 - 5*c**2 - c + 2. What is the remainder when j(6) is divided by 19?
13
Suppose -5*b + 4*b = -21. What is the remainder when b is divided by 8?
5
Let y be 156/(-8)*2/3. Let x = y + 35. What is the remainder when x is divided by 6?
4
Suppose 0*t = 4*t - 60. Let d = t - 6. Let y = 19 - d. What is the remainder when 19 is divided by y?
9
Suppose -2 = -f - 3. What is the remainder when 3/9*(101 - f) is divided by 7?
6
Calculate the remainder when 21 is divided by -2*9/(36/(-16)).
5
Suppose 6*q - 5*q - 126 = 0. What is the remainder when q is divided by 32?
30
Let k(x) = -x + 9. Let o be k(4). Let w = -3 + o. Suppose w*h = -2*q + 31 + 3, 0 = -2*q + h + 31. Calculate the remainder when q is divided by 9.
7
Calculate the remainder when -9*2*6/(-4) is divided by 7.
6
Suppose -2*g = m - 25, -5*g + 0*m + 5*m + 85 = 0. Calculate the remainder when 26 is divided by g.
12
Suppose 0 = -4*o + 2*p + p + 192, o - 71 = -5*p. What is the remainder when o is divided by 18?
15
What is the remainder when 73 is divided by (2 + 74)*(-5)/(-20)?
16
Suppose 2 = -v - 5*m, 12 + 2 = 5*v + m. Let f = 6 + -3. What is the remainder when 12/9*f*1 is divided by v?
1
Let n = -49 + 83. Calculate the remainder when n is divided by 7.
6
Let z be -1 - 1 - (10 - 2). Calculate the remainder when 8 is divided by z/(2/3*-3).
3
Suppose -9*h + 13*h = 324. What is the remainder when h is divided by 21?
18
Let t(p) = p**3 - 6*p**2 + 5*p + 2. Calculate the remainder when 2*(1 - 0)/(1 - 0) is divided by t(5).
0
Suppose 0 = 3*w + y - 10, w = -4*w + 5*y + 10. Suppose 3*z = -u + 43, -2*z = w*u + u - 42. What is the remainder when 25 + (-3)/(-6)*-2 is divided by z?
11
Suppose 2*p - 2 = 2*k + 2, -3*p - k = -2. What is the remainder when 3 is divided by p?
0
Suppose 0*q = -q + 5. Suppose 4 = -3*c + q*c. Let p(i) = 2*i**3 - 2*i**2 - i - 1. What is the remainder when p(2) is divided by c?
1
Let y = -54 + 105. Calculate the remainder when y is divided by 13.
12
Let w(d) = d**2 - 7*d + 16. What is the remainder when 30 is divided by w(3)?
2
Suppose 2*n = -n + 42. Suppose 4*a + 35 = -a. Let k = n + a. What is the remainder when k is divided by 3?
1
Suppose h + 0 - 4 = 0, 0 = -5*v - 3*h + 607. What is the remainder when 